6835*y - 216843. Calculate h(1).
-8
Let p(r) = -r**3 + 516*r**2 - 1948*r - 51253. What is p(512)?
-53
Let c(k) = 1202*k**3 + 2401*k**2 - 3*k - 8. Determine c(-2).
-14
Let b(p) = -5*p**2 - 3745*p + 166114. What is b(-791)?
4
Let b(n) = n**2 + 908*n + 20534. Give b(-23).
179
Let b(t) = -2*t**2 + 1047*t - 7453. Determine b(7).
-222
Let w(y) = -112*y**2 + 1297*y + 2597. Give w(-2).
-445
Let x(n) = -4063*n + 16852. Calculate x(4).
600
Let h(w) = -144*w**2 + 1151*w + 33. Give h(8).
25
Let z(u) = -22784*u + 751933. Calculate z(33).
61
Let i(d) = -3520*d - 21607. Give i(-7).
3033
Let n(t) = 10*t**2 + 318*t + 556. Determine n(-30).
16
Let d(c) = 5322*c - 436403. Determine d(82).
1
Let i(s) = -2230*s + 818411. Calculate i(367).
1
Let s(p) = 7*p**3 + 149*p**2 - 967*p - 103. Determine s(7).
2830
Let m(z) = 122*z**2 - 554*z + 28. Determine m(6).
1096
Let q(c) = -9*c**2 - 18351*c + 483188. Determine q(26).
-22
Let r(v) = -548437*v - 548438. Calculate r(-1).
-1
Let h(u) = -u**2 + 666*u - 110875. Determine h(329).
-2
Let p(j) = -5*j**3 + 530*j**2 + 2194*j + 483. Calculate p(110).
-177
Let q(m) = -m**2 - 5382*m + 91731. What is q(17)?
-52
Let s(n) = n**2 + 100*n + 1637. Calculate s(-17).
226
Let t(z) = -359*z**2 - 56722*z - 9. Determine t(-158).
-9
Let x(z) = -1320*z - 89785. Give x(-68).
-25
Let x(w) = -w**3 + 23*w**2 + 13966*w - 334596. Give x(24).
12
Let y(k) = 59*k**2 - 542*k + 190. What is y(12)?
2182
Let v(n) = -27*n**3 - 9*n**2 + 389*n + 2714. Calculate v(-6).
5888
Let h(r) = -7842*r + 8362. Give h(1).
520
Let h(f) = -1618*f - 59895. Give h(-37).
-29
Let o(t) = 1786*t - 236750. Determine o(132).
-998
Let h(y) = -4*y**2 + 23269*y + 93137. Calculate h(-4).
-3
Let f(w) = 443388*w + 19065686. Calculate f(-43).
2
Let m(s) = 14*s**2 - 8*s - 1160. Calculate m(-9).
46
Let u(c) = 20084*c - 80313. Determine u(4).
23
Let b(x) = 4*x**2 - 68*x - 349. Give b(-6).
203
Let b(n) = -1931*n**2 - 5906*n - 5906. What is b(-1)?
-1931
Let o(v) = 901*v - 27873. Give o(26).
-4447
Let j(o) = 237*o**2 + 156893*o - 694. Calculate j(-662).
-32
Let s(h) = -14*h**2 + 154*h - 167. Determine s(6).
253
Let t(x) = -309739*x + 619490. Calculate t(2).
12
Let n(t) = 232*t**2 - 116934*t + 3013. Give n(504).
-11
Let c(o) = 90*o**3 - 7199*o**2 - 81*o + 91. Determine c(80).
11
Let g(s) = 147*s**3 - 7*s**2 - 411*s - 406. Determine g(-1).
-149
Let g(c) = -35*c**3 + 290*c**2 - 552*c - 121. Determine g(5).
-6
Let m(s) = -11*s**2 + 886*s - 960. Give m(80).
-480
Let a(m) = 37532*m + 7. Give a(0).
7
Let x(h) = 73480*h - 73513. Calculate x(1).
-33
Let z(a) = 2*a**3 + 83*a**2 + 34*a + 2667. Determine z(-42).
-525
Let p(l) = l**2 + 43*l - 46411. Give p(-238).
-1
Let h(y) = -4171*y + 229418. Calculate h(55).
13
Let f(g) = -3*g**3 - 25*g**2 - 42*g - 513. Give f(-10).
407
Let o(a) = 3*a**3 - 32*a**2 - 275*a + 683. Determine o(-7).
11
Let q(h) = 5*h**2 - 43952*h - 307911. Calculate q(-7).
-2
Let p(k) = -14027*k + 897716. Calculate p(64).
-12
Let v(b) = -b**3 + 53*b**2 - 63*b + 186. What is v(52)?
-386
Let g(f) = -113*f**2 + 594*f - 570. What is g(4)?
-2
Let r(n) = -2*n**2 + 360*n + 6307. Calculate r(-16).
35
Let b(u) = -629*u**3 + 9*u**2 - 683*u - 689. Determine b(-1).
632
Let i(b) = -2*b**3 + 110*b**2 + 1121*b - 44802. Calculate i(58).
32
Let v(x) = -2*x**3 - 163*x**2 + 7556*x + 35. Determine v(33).
2
Let u(z) = -z**2 - 155*z - 5478. Determine u(-65).
372
Let p(h) = 4588*h - 1752602. Give p(382).
14
Let o(c) = 13183*c**2 - 725067*c + 120. Determine o(55).
10
Let p(f) = 342874*f + 3771610. Give p(-11).
-4
Let d(q) = 18010*q + 288570. What is d(-16)?
410
Let v(w) = -w**3 + 11*w**2 + 1682*w + 59. Determine v(-36).
419
Let u(p) = 128407*p + 1412363. Give u(-11).
-114
Let u(m) = m**3 - 493*m**2 - 38*m - 90. Give u(0).
-90
Let m(n) = -n**2 + 97*n - 1048. Give m(94).
-766
Let a(j) = -4*j**2 + 602*j - 13303. Give a(27).
35
Let f(n) = -n**3 - 146*n**2 + 570*n - 17. Give f(4).
-137
Let t(n) = 885*n + 76006. Calculate t(-88).
-1874
Let d(o) = -74317*o - 520224. What is d(-7)?
-5
Let g(t) = -327*t**2 + 1352*t - 172. Determine g(4).
4
Let i(d) = 9*d**2 + 39992*d + 39990. What is i(-1)?
7
Let b(g) = -36*g**2 - 2778*g - 464. Calculate b(-77).
-2
Let c(p) = p**3 + 818*p**2 - 5805*p - 24768. Determine c(-825).
-18
Let s(u) = u**2 - 84*u + 730. Calculate s(72).
-134
Let v(q) = -q**3 + 109*q**2 - 2585*q - 90. What is v(35)?
85
Let s(b) = -4*b**2 - 380*b - 9818. Determine s(-27).
-2474
Let u(i) = -426*i**2 + 30*i + 9. What is u(-1)?
-447
Let b(z) = -766*z**2 - 3084*z - 6170. Calculate b(-2).
-3066
Let g(n) = -n**2 - 29591*n - 443550. What is g(-15)?
90
Let o(g) = 6*g**2 + 7577*g + 37885. Give o(-5).
150
Let x(i) = -92*i**2 + 360*i + 97. What is x(4)?
65
Let k(t) = 1770*t + 325666. Calculate k(-184).
-14
Let l(q) = -82*q + 1018. What is l(28)?
-1278
Let i(q) = q**3 + 25*q**2 - 1597*q - 1639. What is i(30)?
-49
Let r(o) = o**2 + 159*o - 3359. Determine r(19).
23
Let l(c) = -36*c**2 + 2979*c + 15793. What is l(-5)?
-2
Let p(f) = -f**2 - 125*f - 3082. Determine p(-34).
12
Let a(s) = -755*s - 90638. What is a(-120)?
-38
Let n(q) = 6*q**2 - 3889*q - 23294. Determine n(-6).
256
Let x(l) = l**3 - 17*l**2 + 93*l - 355. What is x(14)?
359
Let s(t) = -92*t + 8985. What is s(99)?
-123
Let d(q) = 3454*q + 27625. Calculate d(-8).
-7
Let k(s) = -4336*s + 342578. What is k(79)?
34
Let n(c) = 43*c + 8001. Give n(-138).
2067
Let d(p) = p**3 + 49*p**2 - 85*p + 641. What is d(-51)?
-226
Let r(c) = 17291*c + 155617. What is r(-9)?
-2
Let k(y) = -114*y - 11391. What is k(-100)?
9
Let h(i) = 107*i + 4039. Calculate h(-23).
1578
Let q(c) = c**3 - 523*c**2 + 3130*c + 97. Determine q(6).
265
Let x(r) = -2*r**3 + 668*r**2 - 28*r + 9341. Calculate x(334).
-11
Let m(a) = 703*a**3 + 2808*a**2 - 36*a - 3. Determine m(-4).
77
Let c(s) = -1236*s - 228677. What is c(-185)?
-17
Let o(c) = 38*c**3 - 241*c**2 + 79*c + 12. Give o(6).
18
Let b(f) = 17*f**2 + 95*f - 1252. Give b(7).
246
Let b(s) = 16*s**3 - 224*s**2 + 30*s - 64. What is b(15)?
3986
Let x(a) = -296*a - 81. Calculate x(11).
-3337
Let i(x) = -4*x**3 - 132*x**2 - 663*x - 34. Calculate i(-6).
56
Let o(k) = 5*k**2 + 8147*k + 8144. Determine o(-1).
2
Let f(t) = t**3 + 7*t**2 - 124*t - 922. Give f(-8).
6
Let v(t) = t**3 + 111*t**2 - 5482*t - 735. What is v(-148)?
153
Let f(r) = 2*r**3 - 23*r**2 + 780*r - 7506. Calculate f(10).
-6
Let k(a) = -2*a**2 - 2184*a + 190008. What is k(81)?
-18
Let w(i) = 2794*i + 583939. Give w(-209).
-7
Let p(z) = -134921*z - 674431. Calculate p(-5).
174
Let i(z) = -5805*z + 400491. Calculate i(69).
-54
Let o(c) = 3*c**3 + 295*c**2 + 113*c + 1498. Give o(-98).
28
Let y(f) = 28100609*f + 140503044. What is y(-5)?
-1
Let m(c) = 38541*c + 578128. Give m(-15).
13
Let p(q) = -4*q**2 + 892*q + 114306. Calculate p(-91).
10
Let q(g) = g**2 - 259*g + 14124. Give q(78).
6
Let a(j) = 2*j**2 + 3396*j - 13590. Give a(4).
26
Let f(g) = 446*g + 5955. Calculate f(-13).
157
Let p(b) = -15*b**3 - 233*b**2 - 127*b + 17. What is p(-15)?
122
Let c(j) = 82*j**2 - 1819*j + 5456. Give c(3).
737
Let o(f) = -81*f + 8513. What is o(106)?
-73
Let v(n) = -20*n**3 - 1747*n**2 + 1693*n + 59. Determine v(1).
-15
Let k(u) = -425*u - 4714. Determine k(-11).
-39
Let l(s) = -410092*s + 1230216. Determine l(3).
-60
Let g(r) = -r**3 + 135*r**2 - 732*r + 118037. Calculate g(136).
-11
Let r(g) = -2905*g**2 - 14537*g + 3. Calculate r(-5).
63
Let s(q) = -q**3 + 208*q**2 + 34*q + 36801. Determine s(209).
226
Let w(m) = -2*m**3 + 14*m**2 - 3671*m + 25688. Give w(7).
-9
Let v(q) = q**3 + 113*q**2 + 416. Give v(-113).
416
Let p(d) = 39*d**2 - 559*d + 180. What is p(14)?
-2
Let t(z) = -251*z + 2453. Calculate t(5).
1198
Let u(s) = s**2 + 110*s - 5992. Calculate u(-160).
2008
Let u(o) = o**3 - 34*o**2 - 145*o - 39. Calculate u(37).
-1297
Let z(a) = 2204*a + 445366. Calculate z(-202).
158
Let v(n) = -4369*n + 50945. Calculate v(12).
-1483
Let u(s) = -20041*s + 160238. Determine u(8).
-90
Let i(d) = 12*d**3 - 54*d**2 + 13*d - 109. Determine i(6).
617
Let x(k) = 33*k**2 - 2365*k + 1575. What is x(71)?
13
Let l(c) = -c**3 + 662*c**2 + 3275*c + 40014. What is l(667)?
-6
Let r(l) = -11*l**2 - 57*l + 13. Determine r(9).
-1391
Let c(h) = -408*h - 42809. What is c(-105)?
31
Let k(s) = -1364*s + 7877. Calculate k(6).
-307
Let l(w) =